ands digit of ((-9505)/(-15))/(20 + (-14390)/720)?
4
Let v(k) = 2*k**3 - 22*k**2 - 84*k - 43. What is the tens digit of v(19)?
3
Let s(k) = 193*k**2 - k. Let f be s(-1). Suppose 2*o - 602 = f. What is the units digit of o?
8
Let y = 39737 + -4482. What is the tens digit of y?
5
What is the ten thousands digit of (10318/(-110))/((-23)/12765)?
5
Let f = 0 + 6. Suppose -3*w - 18 = f*w. Let p(g) = -21*g**3 - g**2 - 2. What is the hundreds digit of p(w)?
1
Let a be (12 - 18)/((-6)/(-39)). Let m be 1*2*(-23)/2. Let p = m - a. What is the tens digit of p?
1
Let p be (-33501)/(-13) + 7 - (0 - -2). Suppose h + 1881 = 2*k, 5*k - 7257 = -3*h - p. What is the units digit of k?
8
Let x be -9 - -8 - (0 + -9)/(-1). Let l be (4 + -4 + 3)*-1. What is the units digit of (((-138)/x)/l)/((-1)/5)?
3
Let o = 1155 - 600. Let y = 662 + -356. Let j = o - y. What is the tens digit of j?
4
Suppose 9*h = 4 + 50. Let i be (h/8)/((-3)/(-12)). Suppose -c + 31 = 3*a + c, i*c = -2*a + 14. What is the units digit of a?
3
Let c be (-11 - -11)/(6/(6/(-2))). Suppose -4*z - 3*h = -4273, -3*z + 3191 = -c*h + 5*h. What is the units digit of z?
2
Let s(u) = 368*u + 123. Let n be s(7). Let w = -1255 + n. What is the hundreds digit of w?
4
Let k(g) = -2904*g - 35. Let y be k(-1). Let n = y + -1970. What is the units digit of n?
9
Let p(o) = o**2 - 15*o - 15. Let v be p(16). Let u be v - 2 - 3 - -204. Suppose 2*i = -8*i + u. What is the units digit of i?
0
Suppose -5*c + 14 = f, 3*f - 10 = 4*c - 3*c. Let r(l) = 410*l**3 - l**2 - 195*l**3 - 212*l**3 - 4*l + 6. What is the units digit of r(c)?
8
Let s(r) = 961*r**2 - 94*r + 264. What is the units digit of s(3)?
1
Suppose 19*o - 4*o - 21930 = 31200. What is the thousands digit of o?
3
Suppose 16*s - 10*s = 90. Let t be (s - -5)/(-5) - -3. What is the tens digit of 174 + -2 + (9 - (3 - t))?
7
Suppose -36*o + 72*o = -o + 928515. What is the ten thousands digit of o?
2
Suppose 0 = -11*m + 15*m + x - 108990, 2*m = x + 54486. What is the ten thousands digit of m?
2
Let w = 27 - 31. Let j(h) = -3*h**3 - 6*h**2 + h + 5. What is the tens digit of j(w)?
9
Let n = 333 + -94. Suppose 5*m = 4*q - 5702, q - m = -n + 1665. What is the units digit of q?
8
Suppose s + 163 = 193. Let l = s + -10. What is the units digit of l?
0
Suppose 6*q + 4*c = 5*q + 1000, 2*q = -2*c + 2018. Let b = -418 + q. What is the units digit of (5/10)/(3/b)?
9
Suppose 3*c = 15 - 6. Suppose 5*v - 1730 = -2*b - c*b, 0 = 5*b + 2*v - 1745. Suppose 0 = -5*h + 2*h + b. What is the units digit of h?
7
Let h(r) = -9*r**3 - 5*r**2 + 3*r + 19. Let x be h(-7). Let o = x - 1667. What is the tens digit of o?
7
Let d = 44358 + -26148. What is the thousands digit of d?
8
Let v(k) = -k + 10. Let z be v(-7). Let c = z - 15. Suppose -4*y + c*x = -386, x = 5*y - 0*x - 484. What is the units digit of y?
7
Suppose 0*q = -23*q + 46. Suppose m = -3*l - 2*m + 546, q*m - 187 = -l. What is the tens digit of l?
7
Suppose 4*g + 3 = 5*w, -14 = -4*g - 2*w + 4. Suppose g*m = k + 628, 2*m = -9*k + 4*k + 447. What is the units digit of m?
1
Let s = 100 - 181. Let u = -25 - s. Suppose 392 = 4*p + u. What is the tens digit of p?
8
Let t = 26359 - 13443. What is the tens digit of t?
1
Suppose -5 = -y, -3*y - 1708 = -f + 2842. Suppose -15*a + f = -4435. What is the hundreds digit of a?
6
Suppose -4*v = 5*m - 62617, 3*v + 2*m - 39454 - 7500 = 0. What is the hundreds digit of v?
6
Let s(t) = -t**3 - 12*t**2 - 31*t - 55. What is the units digit of s(-22)?
7
Let n(j) = -66*j - 9. Let y be n(13). Let x = y + 1273. Suppose 0 = -12*b + 5*b + x. What is the tens digit of b?
5
Suppose 5*f + 2*a = 24504, -3*a + 2818 = f - 2088. What is the units digit of f?
0
Suppose 5*g - d - 2755 = 0, 0 = 4*d - 4 - 16. Let n = g - -53. What is the units digit of n?
5
Let z(d) = 40*d**2 + 70*d - 381. What is the tens digit of z(5)?
6
Let i be 28/8*(-3 + 5). Suppose -6*w + 5*w = i*w. What is the units digit of 142 - w - -4*1?
6
Suppose -70*h + 171987 + 73517 = -64736. What is the units digit of h?
2
Suppose -340 - 1238 = -3*a. Suppose 3*z - a = -w + 1433, -3*w = -z - 5867. What is the hundreds digit of w?
9
Suppose -2*r = 4*p - 51528, 0 = -59*r + 60*r + 4*p - 25774. What is the hundreds digit of r?
7
Suppose 0 = 20*w - 42*w. Suppose 368 = 4*k - 3*k - 5*y, -5*k + 4*y + 1924 = w. What is the units digit of k?
8
Let i be 2094/(-21) + (-12)/42. Let s = -120 - -233. Let y = i + s. What is the units digit of y?
3
What is the units digit of (48/80 + (-17702)/(-5))/(1/5)?
5
Let n be (-5320)/14*(0 + -1 - 0). Let d = -4 - -56. Suppose -47*h + d*h - n = 0. What is the units digit of h?
6
Let o(d) = -391*d - 697. What is the thousands digit of o(-36)?
3
Let p(h) = -56*h - 115. Let b be -7 + -4 + 8 - (13 - -6). What is the tens digit of p(b)?
1
Let a(h) = -7*h**2 - 11*h + 21. Let k(t) = 4*t**2 + 5*t - 10. Let q(f) = 2*a(f) + 5*k(f). Suppose 5*z + 15 = -5. What is the units digit of q(z)?
6
Let s = -53 + 57. Suppose 2*o = -s*y + 1430, 2*y - 17 + 7 = 0. What is the tens digit of o?
0
Let v(i) = -i**3 - 24*i**2 + 533*i - 75. What is the hundreds digit of v(-39)?
9
Suppose -m + 6*t = t - 88, -5*m - 3*t = -300. Suppose 0 = -m*q + 930 + 771. What is the units digit of q?
7
Let j(b) = 9*b**3 - 46*b**2 + 411*b - 23. What is the tens digit of j(10)?
8
Suppose -15*a + 10577 = -12*a - z, -2*a + 2*z = -7050. Suppose -4*l - 2816 = -4*n, 2*l + a = n + 4*n. What is the tens digit of n?
0
Let d = 7665 + -1154. What is the hundreds digit of d?
5
Suppose 12*i - 470 = -2*w + 11*i, w - 242 = 3*i. Suppose 2*j - 59*f - 150 = -58*f, 3*j + 4*f - w = 0. What is the units digit of j?
6
Let j(c) = c**3 + 14*c**2 + 32*c - 11. Let o be j(-11). Suppose 3*t - 2*z - 3510 = o, -t + 2*z = t - 2338. What is the hundreds digit of t?
1
Let c(d) = -78*d - 120. Let j be c(-5). Let s(f) = 33*f + 2. Let l be s(2). Let q = j - l. What is the tens digit of q?
0
Suppose 2*n + 20 = 6*n. Suppose -1259 = -n*t + z, -3*z - 3 + 6 = 0. Let j = t + -43. What is the units digit of j?
9
Let v be 1/(6/(-52)) + (-84)/(-126). Let g be (v/3 + 0)/(6/(-9)). Suppose -7*b = -g*b + 2*r - 194, 4*r = 4*b - 232. What is the tens digit of b?
6
Suppose -5*j - 403 + 2063 = 0. Suppose x - j = -3*i + 37, 15 = 5*i. What is the hundreds digit of x?
3
Suppose -3*i - 2*i + 35460 = 0. Suppose -z = 2*t + 2828, 5*t + 0*z = 3*z - i. What is the units digit of (t/(-36))/(4/6)?
9
Suppose -14*c = -20473 + 1181. Suppose 0 = 5*s + 2*a - c, -4*s + 6*s - 2*a - 554 = 0. What is the units digit of s?
6
What is the thousands digit of 14/(-7) - (-59205)/15?
3
What is the hundreds digit of ((-17344)/(-24))/((-8)/(-18))?
6
Let x(z) = -45*z + 44. Let w be x(12). What is the tens digit of (w/(-5))/(42/210)?
9
Suppose 355 = 4*r + 11. Let i = 941 - r. What is the hundreds digit of i?
8
Let r be ((-2)/1)/(360/(-178) + 2). Let s be 1*(r - (-2 + 2)). Suppose s*a - 93 = 88*a. What is the tens digit of a?
9
Let q(m) = -5425*m - 1130. What is the units digit of q(-3)?
5
Let a be (-1 - 298/(-10))*490/21. Suppose -a = -4*n + 832. What is the tens digit of n?
7
Let n(z) be the third derivative of -z**3 + 13/12*z**4 + 0 - 16*z**2 + 0*z. What is the tens digit of n(3)?
7
Let a = -165 - -354. Suppose 9*f - a = 4158. What is the units digit of f?
3
Suppose 60 = t + 75. Let x(s) = -10*s + 23. What is the units digit of x(t)?
3
What is the ten thousands digit of 23845 - (2 + (1 - 11))?
2
Let q be (-7)/((-70)/1308)*50/4. Let i = q - 841. What is the units digit of i?
4
Let i = 695 + -178. Let j = i + -331. What is the units digit of j?
6
Suppose 0 = -11*f + 41769 + 23626. Suppose 1361 - f = -6*q. What is the hundreds digit of q?
7
Let n(g) be the first derivative of -24 - 9*g - g**3 + 1/2*g**2 + 1/2*g**4. What is the units digit of n(4)?
5
Let j(c) = 116*c**2 + 120*c + 908. What is the hundreds digit of j(-7)?
7
What is the units digit of 6135 - (-19 - (-8 - 5))?
1
Suppose 3124771 = 142*s - 1856044 - 670927. What is the hundreds digit of s?
8
Let z = 17897 + -11254. What is the thousands digit of z?
6
Let c(t) = 6*t**2 - 16*t + 93. Let w be c(6). Let a = w + 51. What is the tens digit of a?
6
Suppose 3*u + 9*y - 11181 = 12*y, 4*u = -5*y + 14863. What is the thousands digit of u?
3
Suppose -79*t + 3*r - 13831 = -80*t, -3*t - 2*r = -41500. What is the units dig